+ i - 1. Let a(g) = 7*g**3 + 13*g**2 - 2*g + 1. Let r(y) = -2*a(y) - 5*w(y). What is the units digit of r(-4)?
7
Suppose 0 = 3*j - 205 - 56. What is the tens digit of j?
8
Suppose 3*p = 4*p - 2. Let x = -15 + 21. What is the units digit of (-2 + 1 + p)*x?
6
Suppose 8 = c - 0. What is the units digit of c?
8
Let v = 317 + -169. What is the units digit of v?
8
Let l(r) = -36*r**3 - 5*r**2 - 5*r. Let m(f) = 9*f**3 + f**2 + f. Let z(d) = -2*l(d) - 9*m(d). What is the units digit of z(-1)?
9
Suppose 4*t - 206 = 58. What is the tens digit of t?
6
Let q = 4 + -1. Suppose 2 = q*r + 2*z, -r + 4*z + 11 = -13. What is the units digit of r?
4
Let y = 175 - 46. What is the hundreds digit of y?
1
Let b be (-1)/2 - (-9)/2. Suppose 0 = 12*j - 15*j. Suppose -d = -b*g + 35, j = -g - g - 2*d + 30. What is the units digit of g?
0
Suppose 20 = -4*o + 5*o. Suppose 5*y = -0*y + o. What is the units digit of y?
4
Suppose 4*c + 5*u - 33 = 0, 2 = -u + 7. Let q(v) = -2*v - 3. Let m be q(-3). Suppose s = m - c. What is the units digit of s?
1
What is the tens digit of (52 + -1)/(3 - 2)?
5
Let o = 30 + -2. Let c = 16 - o. Let z = -7 - c. What is the units digit of z?
5
Suppose 3*y = -4*k + 159, 4*k - 154 = -0*k - 2*y. Let p = k + -6. Suppose 6*v - v = p. What is the units digit of v?
6
Let d(z) = 0*z**2 - z + 8*z + z**2 + 0*z**2. Let x be d(-3). What is the tens digit of 1 - x - -1*1?
1
Let m(t) = -6 + 4 + t + 3. Let b be m(3). Suppose 7*h - b = 3*h. What is the units digit of h?
1
Let n(a) = -3*a - 1. Let w(x) = x**3 - 4*x**2 + 3*x + 4. Let c be w(3). Suppose 4 = -c*f - 0. What is the units digit of n(f)?
2
Let i = 16 + -9. Suppose -15 = 2*s - i*s. Suppose w + c = -w + 3, 4*c - s = -5*w. What is the units digit of w?
3
Let d be -2 + 3 + (-2 - -2). Let w(i) = 14*i - 1. Let c be w(d). Suppose 2*m + 1 = c. What is the units digit of m?
6
Suppose z - 3 = -0*z, z - 9 = 3*h. Let c be h + (-1 + 3 - -2). Let s = 2 + c. What is the units digit of s?
4
Let x be (-4)/10 + (-24)/15. Let k = 5 + x. Suppose 0*g = -k*g + 27. What is the units digit of g?
9
Suppose 0 = -0*x - 5*x. Suppose x*y = -y + 17. What is the tens digit of y?
1
Let f(a) = 6*a + 4. Let b be f(-3). Suppose -3*j - j + 4*u = 16, -4*j + 5*u - 16 = 0. What is the units digit of (-172)/(-14) - j/b?
2
Let t(l) = -l**3 - 6*l**2 - 4*l. Let x be t(-5). Let y(d) = -d**3 - 5*d**2 - 2*d - 5. What is the units digit of y(x)?
5
Suppose -8 = -c - 1. Suppose 0 = 5*p - 2*g, -4*g + 5 = -4*p - c. What is the units digit of p?
2
Suppose -4*q + 12 = -8. Suppose -5*l = -d + 5, d - 4*d + 15 = q*l. Suppose l = -b - b + 32. What is the units digit of b?
6
Let x(y) = 14*y + 53. Let n(r) = -5*r - 18. Let b(z) = 17*n(z) + 6*x(z). What is the units digit of b(0)?
2
Let z(g) = g**3 + 10*g**2 + 12*g + 5. What is the tens digit of z(-6)?
7
Let n = -8 + 10. What is the units digit of n?
2
Let a(n) = -17*n - 1. Let p be a(3). Let o = -30 - p. What is the units digit of o?
2
Suppose 2*j = -2 - 2. Let s be 5 - ((1 - j) + 0). Suppose 0 = s*h - h - 10. What is the units digit of h?
0
Let q(h) = h + 3. Let r be (25 - 1)/(-3) - 0. Let i be q(r). Let y = 11 + i. What is the units digit of y?
6
Suppose -u - z = -73, 135 + 149 = 4*u + 2*z. What is the units digit of u?
9
Let l = 120 - 39. What is the tens digit of l?
8
Suppose -39 = -5*x - 224. Let b = x - -67. What is the units digit of b?
0
Let n(r) = 3*r**3 + 2*r**2. Let d be n(2). Let h = 62 - d. What is the units digit of h?
0
What is the units digit of 168/10*(-80)/(-24)?
6
Let n be 4 + -1 + -118 + -2. Let k be (-2)/(-8) - n/12. Let i = k + -6. What is the units digit of i?
4
What is the units digit of ((-1)/3)/(1 - 2480/2472)?
3
Suppose -162*m + 163*m = 126. What is the tens digit of m?
2
Let j(r) = -2*r + 2. Let a be j(4). What is the tens digit of (-2 - -4)*(-39)/a?
1
Suppose q = -2*h + 290, 3*q - 4*h = 782 + 98. Suppose m - q = -3*m. Suppose 0 = 4*f - 7 - m. What is the tens digit of f?
2
Suppose 2*y = -2*y + 8. Let h be (4 + y)/(-3) + 6. What is the units digit of 1/h - (-23)/4?
6
Let o(c) be the second derivative of -13*c**3/6 - 5*c**2/2 + 6*c. What is the tens digit of o(-2)?
2
Suppose -3*p - 4 = -5*i - 8, i = 5*p - 14. Suppose 2*r + 15 = i. What is the units digit of (4*-1)/2*r?
4
Suppose -5*l = -6*l + 86. What is the units digit of l?
6
Let s(w) = 4*w**2 - w + 1. Let n = -3 - -9. Suppose -x + n*x = 5. What is the units digit of s(x)?
4
Suppose 10 + 32 = 2*p. What is the tens digit of (-5)/(0 + (-3)/p)?
3
Suppose -18*p + 592 = -10*p. What is the units digit of p?
4
Suppose -2*v - 8 = -4*v. Suppose 0 = -v*s - s. Suppose -3*a + s*b = 3*b - 3, -16 = 4*b. What is the units digit of a?
5
Let k(o) = 7 + 2*o - 1 + 2*o + 0. Let m be k(-4). What is the units digit of 4*(2 - m/(-8))?
3
What is the units digit of (-21)/(-14)*(-296)/(-6)?
4
Let b = 8 + -4. Suppose 3*l + b*s - 24 = 0, 5*l - l - 4*s = 4. Suppose 3*z = -2*v + 17, -z + l*v - 1 = -2. What is the units digit of z?
5
Let t = 167 - 85. What is the tens digit of t?
8
Let o = 12 + -8. Let t(w) = 6*w**2 + 9 - 4 - w**3 - 2*w**2. What is the units digit of t(o)?
5
Let q = 27 - -9. What is the tens digit of q?
3
Let i(c) = -7*c**3 - 4*c**2 + 4*c - 2. What is the units digit of i(-3)?
9
Suppose 3*p - 19 = 11. What is the units digit of p?
0
Let f = -1 - 0. Let g = f + 0. Let a = 5 + g. What is the units digit of a?
4
Let y = 73 + 5. What is the tens digit of y?
7
Suppose -5*u + 670 = -p, -u - 2*p - 276 = -3*u. What is the tens digit of u?
3
Suppose -4*x + 8 = -0*x + 4*o, 8 = 5*x + 3*o. Suppose 5 = -i - x. What is the units digit of (-26)/i + 6/9?
5
What is the tens digit of ((-11)/(-2))/(0 - (-6)/36)?
3
Let n be -1 - -2 - (-2 - -126). Let s be n/(-15) + (-2)/10. Suppose 0*b - 2*b + s = 0. What is the units digit of b?
4
Let t be (4 - 5)*(-54)/2. Suppose 0 = -5*w - 67 + t. Let b = 2 - w. What is the units digit of b?
0
Suppose 0 = -77*r + 81*r - 792. What is the hundreds digit of r?
1
Suppose 2*w = 5*g + 6*w - 18, 2*g = 2*w. What is the units digit of 11 + (-1 + g)*1?
2
Let n(o) be the second derivative of o**3/6 - 3*o**2/2 - o. Suppose 0 = -5*a + 25, 1 - 9 = 2*c - 4*a. What is the units digit of n(c)?
3
Suppose 3*m = -6, -2*q - m = 3*m - 66. What is the units digit of q?
7
Suppose -3*i + 177 + 510 = 0. What is the tens digit of i?
2
Let n(a) = -a**2 - 8*a - 2. Let c be n(-6). Suppose -w + c = w. What is the units digit of w?
5
Let l(g) = -g**3 - 6*g**2 - 6*g. Let a be l(-5). Suppose 5*v - a = w, 0*v - 5*v + 5*w + 5 = 0. What is the units digit of v?
1
Suppose 2 = -o + g - 0, 4*o + 5*g = 28. Suppose 2*z = -w - o, 2*w - 6 - 11 = 3*z. Suppose -12 + 0 = -w*v. What is the units digit of v?
3
Suppose -2*n + z + 8 = 2*n, -3*n + 6 = -3*z. Suppose 5*b = 2*q - 63, 3*q + 2*q - 114 = -n*b. What is the units digit of q?
4
Let g = 1 + 14. What is the units digit of g?
5
Let p(l) = -3*l - 7. What is the tens digit of p(-8)?
1
Suppose -6*h + 3*h = -6. Suppose -h*q = -8, 10*c - 5*c + 5*q = 30. What is the units digit of (-9)/(2*c/(-4))?
9
Let g = 97 + -48. What is the units digit of g?
9
Suppose 7*h - 312 = -18. Suppose -h = -r - r - 2*z, 3*z = -5*r + 105. What is the tens digit of r?
2
Let v be (15/(-2) + 2)*-2. Suppose -5*g - 21 - 9 = 0. Let b = v + g. What is the units digit of b?
5
What is the units digit of 8/4*154/4?
7
Let u = -21 - -55. What is the tens digit of u?
3
Let m be 0 - (-6)/(-3) - -4. Suppose 8*y - 4*f = 3*y + 34, 4 = m*y - 4*f. Suppose y = 5*b + a, 6*b = 3*b - 2*a - 1. What is the units digit of b?
3
Let w = -15 + 18. Suppose -u = -5*x + w*x + 24, 0 = x - u - 10. What is the units digit of x?
4
Let k(q) = q - 5. Let o be k(6). Let b = 3 - o. Let v(j) = j**2 - j. What is the units digit of v(b)?
2
Let t = 6 + -5. Let c be -46*t/2*-1. Suppose 0 = 4*s - c - 9. What is the units digit of s?
8
Let p(f) = -f**3 - f + 2. Let b be p(0). Let x be (b - 6)*(-1 - 0). What is the units digit of x/2 - 12/(-2)?
8
Let l(u) = -u**3 - 7*u**2 + 6*u + 10. What is the tens digit of l(-8)?
2
Suppose -328 - 170 = -3*p. What is the units digit of p?
6
Suppose 4*a + 0 = 20. Suppose -j = -13 + a. Let b = 14 - j. What is the units digit of b?
6
Suppose a + 207 = 4*a. Suppose 0 = -5*y + a + 66. What is the tens digit of y?
2
Let f(d) = -d**3 + 13*d**2 + 7*d + 4. What is the 